{"id":35,"date":"2015-04-05T12:38:37","date_gmt":"2015-04-05T12:38:37","guid":{"rendered":"http:\/\/ws-sukuseura.fi\/?page_id=35"},"modified":"2025-08-13T18:12:02","modified_gmt":"2025-08-13T16:12:02","slug":"sukutuotteet","status":"publish","type":"page","link":"https:\/\/ws-sukuseura.fi\/?page_id=35","title":{"rendered":"Sukutuotteet"},"content":{"rendered":"\n<figure class=\"wp-block-image size-large\"><a href=\"https:\/\/ws-sukuseura.fi\/wp-content\/uploads\/2025\/08\/20250623WS-sukutuotteetWeb0028.jpg\"><img loading=\"lazy\" decoding=\"async\" width=\"768\" height=\"1024\" src=\"https:\/\/ws-sukuseura.fi\/wp-content\/uploads\/2025\/08\/20250623WS-sukutuotteetWeb0028-768x1024.jpg\" alt=\"\" class=\"wp-image-816\" srcset=\"https:\/\/ws-sukuseura.fi\/wp-content\/uploads\/2025\/08\/20250623WS-sukutuotteetWeb0028-768x1024.jpg 768w, https:\/\/ws-sukuseura.fi\/wp-content\/uploads\/2025\/08\/20250623WS-sukutuotteetWeb0028-225x300.jpg 225w, https:\/\/ws-sukuseura.fi\/wp-content\/uploads\/2025\/08\/20250623WS-sukutuotteetWeb0028-1152x1536.jpg 1152w, https:\/\/ws-sukuseura.fi\/wp-content\/uploads\/2025\/08\/20250623WS-sukutuotteetWeb0028-624x832.jpg 624w, https:\/\/ws-sukuseura.fi\/wp-content\/uploads\/2025\/08\/20250623WS-sukutuotteetWeb0028.jpg 1536w\" sizes=\"auto, (max-width: 768px) 100vw, 768px\" \/><\/a><\/figure>\n\n\n\n<figure class=\"wp-block-image size-large\"><a href=\"https:\/\/ws-sukuseura.fi\/wp-content\/uploads\/2025\/08\/20250623WS-sukutuotteetWeb0030.jpg\"><img loading=\"lazy\" decoding=\"async\" width=\"768\" height=\"1024\" src=\"https:\/\/ws-sukuseura.fi\/wp-content\/uploads\/2025\/08\/20250623WS-sukutuotteetWeb0030-768x1024.jpg\" alt=\"\" class=\"wp-image-818\" style=\"object-fit:cover\" srcset=\"https:\/\/ws-sukuseura.fi\/wp-content\/uploads\/2025\/08\/20250623WS-sukutuotteetWeb0030-768x1024.jpg 768w, https:\/\/ws-sukuseura.fi\/wp-content\/uploads\/2025\/08\/20250623WS-sukutuotteetWeb0030-225x300.jpg 225w, https:\/\/ws-sukuseura.fi\/wp-content\/uploads\/2025\/08\/20250623WS-sukutuotteetWeb0030-1152x1536.jpg 1152w, https:\/\/ws-sukuseura.fi\/wp-content\/uploads\/2025\/08\/20250623WS-sukutuotteetWeb0030-624x832.jpg 624w, https:\/\/ws-sukuseura.fi\/wp-content\/uploads\/2025\/08\/20250623WS-sukutuotteetWeb0030.jpg 1536w\" sizes=\"auto, (max-width: 768px) 100vw, 768px\" \/><\/a><\/figure>\n\n\n\n<figure class=\"wp-block-image size-large\"><a href=\"https:\/\/ws-sukuseura.fi\/wp-content\/uploads\/2025\/08\/20250623WS-sukutuotteetWeb0029.jpg\"><img loading=\"lazy\" decoding=\"async\" width=\"768\" height=\"1024\" src=\"https:\/\/ws-sukuseura.fi\/wp-content\/uploads\/2025\/08\/20250623WS-sukutuotteetWeb0029-768x1024.jpg\" alt=\"\" class=\"wp-image-817\" style=\"object-fit:cover\" srcset=\"https:\/\/ws-sukuseura.fi\/wp-content\/uploads\/2025\/08\/20250623WS-sukutuotteetWeb0029-768x1024.jpg 768w, https:\/\/ws-sukuseura.fi\/wp-content\/uploads\/2025\/08\/20250623WS-sukutuotteetWeb0029-225x300.jpg 225w, https:\/\/ws-sukuseura.fi\/wp-content\/uploads\/2025\/08\/20250623WS-sukutuotteetWeb0029-1152x1536.jpg 1152w, https:\/\/ws-sukuseura.fi\/wp-content\/uploads\/2025\/08\/20250623WS-sukutuotteetWeb0029-624x832.jpg 624w, https:\/\/ws-sukuseura.fi\/wp-content\/uploads\/2025\/08\/20250623WS-sukutuotteetWeb0029.jpg 1536w\" sizes=\"auto, (max-width: 768px) 100vw, 768px\" \/><\/a><\/figure>\n\n\n\n<figure class=\"wp-block-image size-large\"><a href=\"https:\/\/ws-sukuseura.fi\/wp-content\/uploads\/2025\/08\/20250623WS-sukutuotteetWeb0025.jpg\"><img loading=\"lazy\" decoding=\"async\" width=\"768\" height=\"1024\" src=\"https:\/\/ws-sukuseura.fi\/wp-content\/uploads\/2025\/08\/20250623WS-sukutuotteetWeb0025-768x1024.jpg\" alt=\"\" class=\"wp-image-815\" srcset=\"https:\/\/ws-sukuseura.fi\/wp-content\/uploads\/2025\/08\/20250623WS-sukutuotteetWeb0025-768x1024.jpg 768w, https:\/\/ws-sukuseura.fi\/wp-content\/uploads\/2025\/08\/20250623WS-sukutuotteetWeb0025-225x300.jpg 225w, https:\/\/ws-sukuseura.fi\/wp-content\/uploads\/2025\/08\/20250623WS-sukutuotteetWeb0025-1152x1536.jpg 1152w, https:\/\/ws-sukuseura.fi\/wp-content\/uploads\/2025\/08\/20250623WS-sukutuotteetWeb0025-624x832.jpg 624w, https:\/\/ws-sukuseura.fi\/wp-content\/uploads\/2025\/08\/20250623WS-sukutuotteetWeb0025.jpg 1536w\" sizes=\"auto, (max-width: 768px) 100vw, 768px\" \/><\/a><\/figure>\n\n\n\n<figure class=\"wp-block-image size-large\"><a href=\"https:\/\/ws-sukuseura.fi\/wp-content\/uploads\/2025\/08\/20250623WS-sukutuotteetWeb0024.jpg\"><img loading=\"lazy\" decoding=\"async\" width=\"1024\" height=\"768\" src=\"https:\/\/ws-sukuseura.fi\/wp-content\/uploads\/2025\/08\/20250623WS-sukutuotteetWeb0024-1024x768.jpg\" alt=\"\" class=\"wp-image-814\" srcset=\"https:\/\/ws-sukuseura.fi\/wp-content\/uploads\/2025\/08\/20250623WS-sukutuotteetWeb0024-1024x768.jpg 1024w, https:\/\/ws-sukuseura.fi\/wp-content\/uploads\/2025\/08\/20250623WS-sukutuotteetWeb0024-300x225.jpg 300w, https:\/\/ws-sukuseura.fi\/wp-content\/uploads\/2025\/08\/20250623WS-sukutuotteetWeb0024-768x576.jpg 768w, https:\/\/ws-sukuseura.fi\/wp-content\/uploads\/2025\/08\/20250623WS-sukutuotteetWeb0024-1536x1152.jpg 1536w, https:\/\/ws-sukuseura.fi\/wp-content\/uploads\/2025\/08\/20250623WS-sukutuotteetWeb0024-624x468.jpg 624w, https:\/\/ws-sukuseura.fi\/wp-content\/uploads\/2025\/08\/20250623WS-sukutuotteetWeb0024.jpg 2048w\" sizes=\"auto, (max-width: 1024px) 100vw, 1024px\" \/><\/a><\/figure>\n\n\n\n<figure class=\"wp-block-image size-large\"><a href=\"https:\/\/ws-sukuseura.fi\/wp-content\/uploads\/2025\/08\/20250623WS-sukutuotteetWeb0023.jpg\"><img loading=\"lazy\" decoding=\"async\" width=\"768\" height=\"1024\" src=\"https:\/\/ws-sukuseura.fi\/wp-content\/uploads\/2025\/08\/20250623WS-sukutuotteetWeb0023-768x1024.jpg\" alt=\"\" class=\"wp-image-820\" srcset=\"https:\/\/ws-sukuseura.fi\/wp-content\/uploads\/2025\/08\/20250623WS-sukutuotteetWeb0023-768x1024.jpg 768w, https:\/\/ws-sukuseura.fi\/wp-content\/uploads\/2025\/08\/20250623WS-sukutuotteetWeb0023-225x300.jpg 225w, https:\/\/ws-sukuseura.fi\/wp-content\/uploads\/2025\/08\/20250623WS-sukutuotteetWeb0023-1152x1536.jpg 1152w, https:\/\/ws-sukuseura.fi\/wp-content\/uploads\/2025\/08\/20250623WS-sukutuotteetWeb0023-624x832.jpg 624w, https:\/\/ws-sukuseura.fi\/wp-content\/uploads\/2025\/08\/20250623WS-sukutuotteetWeb0023.jpg 1536w\" sizes=\"auto, (max-width: 768px) 100vw, 768px\" \/><\/a><\/figure>\n\n\n\n<figure class=\"wp-block-image size-large\"><a href=\"https:\/\/ws-sukuseura.fi\/wp-content\/uploads\/2025\/08\/20250623WS-sukutuotteetWeb0021.jpg\"><img loading=\"lazy\" decoding=\"async\" width=\"768\" height=\"1024\" src=\"https:\/\/ws-sukuseura.fi\/wp-content\/uploads\/2025\/08\/20250623WS-sukutuotteetWeb0021-768x1024.jpg\" alt=\"\" class=\"wp-image-819\" srcset=\"https:\/\/ws-sukuseura.fi\/wp-content\/uploads\/2025\/08\/20250623WS-sukutuotteetWeb0021-768x1024.jpg 768w, https:\/\/ws-sukuseura.fi\/wp-content\/uploads\/2025\/08\/20250623WS-sukutuotteetWeb0021-225x300.jpg 225w, https:\/\/ws-sukuseura.fi\/wp-content\/uploads\/2025\/08\/20250623WS-sukutuotteetWeb0021-1152x1536.jpg 1152w, https:\/\/ws-sukuseura.fi\/wp-content\/uploads\/2025\/08\/20250623WS-sukutuotteetWeb0021-624x832.jpg 624w, https:\/\/ws-sukuseura.fi\/wp-content\/uploads\/2025\/08\/20250623WS-sukutuotteetWeb0021.jpg 1536w\" sizes=\"auto, (max-width: 768px) 100vw, 768px\" \/><\/a><\/figure>\n\n\n\n<p>Kuvat valokuvaaja Mikko Kauppinen\u00a0<\/p>\n\n\n<p><strong><span style=\"text-decoration: underline;\">Hinnasto:<br \/><\/span><\/strong>Kaulakoru, WS-logolla\u00a0 60\u20ac<br \/>Korvanapit, WS-logolla\u00a0 60\u20ac<br \/>Korvakorut, riippuvat, WS-logolla\u00a0 60\u20ac<br \/>WS-Sukukirja; Nihti ja vouti Per J\u00f6nssonin j\u00e4lkel\u00e4isi\u00e4 1500-luvulta 1900-luvun alkuun 60\u20ac<br \/>Is\u00e4nn\u00e4nviiri 110\u20ac\u00a0\u00a0\u00a0\u00a0\u00a0\u00a0\u00a0\u00a0\u00a0\u00a0\u00a0 <br \/>P\u00f6yt\u00e4standaari 50\u20ac<br \/>T-paita, brodeerattu WS-logo 10\u20ac\u00a0 \u00a0 \u00a0 \u00a0(<strong>Hajakokoja j\u00e4ljell\u00e4)<\/strong><br \/>Lippalakki, printattu WS-logo 15\u20ac<strong><br \/><\/strong>Tuubihuivi, turkoosi\/tumman sininen 10\u20ac<strong><br \/><\/strong>Anno Domini 1559 -kirja 5\u20ac<\/p>\n<p><strong><span style=\"text-decoration: underline;\">Tilaukset:<\/span><br \/><\/strong>Marita\u00a0Parviainen<br \/>Peltokuja 7<br \/>71160 Riistavesi<br \/>S-posti: info@ws-sukuseura.fi<br \/>Puh. 044-5928 697<\/p>\n\n\n<p><\/p>\n\n\n\n<p><\/p>\n","protected":false},"excerpt":{"rendered":"<p>Kuvat valokuvaaja Mikko Kauppinen\u00a0 Hinnasto:Kaulakoru, WS-logolla\u00a0 60\u20acKorvanapit, WS-logolla\u00a0 60\u20acKorvakorut, riippuvat, WS-logolla\u00a0 60\u20acWS-Sukukirja; Nihti ja vouti Per J\u00f6nssonin j\u00e4lkel\u00e4isi\u00e4 1500-luvulta 1900-luvun alkuun 60\u20acIs\u00e4nn\u00e4nviiri 110\u20ac\u00a0\u00a0\u00a0\u00a0\u00a0\u00a0\u00a0\u00a0\u00a0\u00a0\u00a0 P\u00f6yt\u00e4standaari 50\u20acT-paita, brodeerattu WS-logo 10\u20ac\u00a0 \u00a0 \u00a0 \u00a0(Hajakokoja j\u00e4ljell\u00e4)Lippalakki, printattu WS-logo 15\u20acTuubihuivi, turkoosi\/tumman sininen 10\u20acAnno Domini 1559 -kirja 5\u20ac Tilaukset:Marita\u00a0ParviainenPeltokuja 771160 RiistavesiS-posti: info@ws-sukuseura.fiPuh. 044-5928 697<\/p>\n","protected":false},"author":1,"featured_media":0,"parent":0,"menu_order":0,"comment_status":"open","ping_status":"open","template":"","meta":{"footnotes":""},"class_list":["post-35","page","type-page","status-publish","hentry"],"_links":{"self":[{"href":"https:\/\/ws-sukuseura.fi\/index.php?rest_route=\/wp\/v2\/pages\/35","targetHints":{"allow":["GET"]}}],"collection":[{"href":"https:\/\/ws-sukuseura.fi\/index.php?rest_route=\/wp\/v2\/pages"}],"about":[{"href":"https:\/\/ws-sukuseura.fi\/index.php?rest_route=\/wp\/v2\/types\/page"}],"author":[{"embeddable":true,"href":"https:\/\/ws-sukuseura.fi\/index.php?rest_route=\/wp\/v2\/users\/1"}],"replies":[{"embeddable":true,"href":"https:\/\/ws-sukuseura.fi\/index.php?rest_route=%2Fwp%2Fv2%2Fcomments&post=35"}],"version-history":[{"count":59,"href":"https:\/\/ws-sukuseura.fi\/index.php?rest_route=\/wp\/v2\/pages\/35\/revisions"}],"predecessor-version":[{"id":822,"href":"https:\/\/ws-sukuseura.fi\/index.php?rest_route=\/wp\/v2\/pages\/35\/revisions\/822"}],"wp:attachment":[{"href":"https:\/\/ws-sukuseura.fi\/index.php?rest_route=%2Fwp%2Fv2%2Fmedia&parent=35"}],"curies":[{"name":"wp","href":"https:\/\/api.w.org\/{rel}","templated":true}]}}